{"id":2,"date":"2021-09-07T08:30:43","date_gmt":"2021-09-07T08:30:43","guid":{"rendered":"https:\/\/wg-wehlheider-lichtpunkt.de\/?page_id=2"},"modified":"2021-09-07T09:53:05","modified_gmt":"2021-09-07T09:53:05","slug":"sample-page","status":"publish","type":"page","link":"https:\/\/wg-wehlheider-lichtpunkt.de\/","title":{"rendered":"Willkommen bei unserer Lichtpunkt WG"},"content":{"rendered":"\t\t<div data-elementor-type=\"wp-page\" data-elementor-id=\"2\" class=\"elementor elementor-2\" data-elementor-settings=\"[]\">\n\t\t\t\t\t\t\t<div class=\"elementor-section-wrap\">\n\t\t\t\t\t\t\t<section class=\"elementor-section elementor-top-section elementor-element elementor-element-5bc14315 elementor-section-boxed elementor-section-height-default elementor-section-height-default\" data-id=\"5bc14315\" data-element_type=\"section\">\n\t\t\t\t\t\t<div class=\"elementor-container elementor-column-gap-default\">\n\t\t\t\t\t<div class=\"elementor-column elementor-col-100 elementor-top-column elementor-element elementor-element-720f41e4\" data-id=\"720f41e4\" data-element_type=\"column\">\n\t\t\t<div class=\"elementor-widget-wrap elementor-element-populated\">\n\t\t\t\t\t\t\t\t<div class=\"elementor-element elementor-element-69c7e62 elementor-widget-divider--view-line elementor-widget elementor-widget-divider\" data-id=\"69c7e62\" data-element_type=\"widget\" data-widget_type=\"divider.default\">\n\t\t\t\t<div class=\"elementor-widget-container\">\n\t\t\t\t\t<div class=\"elementor-divider\">\n\t\t\t<span class=\"elementor-divider-separator\">\n\t\t\t\t\t\t<\/span>\n\t\t<\/div>\n\t\t\t\t<\/div>\n\t\t\t\t<\/div>\n\t\t\t\t\t<\/div>\n\t\t<\/div>\n\t\t\t\t\t\t\t<\/div>\n\t\t<\/section>\n\t\t\t\t<section class=\"elementor-section elementor-top-section elementor-element elementor-element-cb6f463 elementor-section-boxed elementor-section-height-default elementor-section-height-default\" data-id=\"cb6f463\" data-element_type=\"section\">\n\t\t\t\t\t\t<div class=\"elementor-container elementor-column-gap-default\">\n\t\t\t\t\t<div class=\"elementor-column elementor-col-100 elementor-top-column elementor-element elementor-element-f8045f9\" data-id=\"f8045f9\" data-element_type=\"column\">\n\t\t\t<div class=\"elementor-widget-wrap elementor-element-populated\">\n\t\t\t\t\t\t\t\t<div class=\"elementor-element elementor-element-60b0298d elementor-widget elementor-widget-text-editor\" data-id=\"60b0298d\" data-element_type=\"widget\" data-widget_type=\"text-editor.default\">\n\t\t\t\t<div class=\"elementor-widget-container\">\n\t\t\t\t\t\t\t<p>An dieser Stelle k\u00f6nnen sp\u00e4ter individuelle Inhalte eingef\u00fcgt werden!<\/p>\n<p>\u00a0<\/p>\t\t\t\t\t\t<\/div>\n\t\t\t\t<\/div>\n\t\t\t\t<div class=\"elementor-element elementor-element-0bf9363 elementor-widget-divider--view-line elementor-widget elementor-widget-divider\" data-id=\"0bf9363\" data-element_type=\"widget\" data-widget_type=\"divider.default\">\n\t\t\t\t<div class=\"elementor-widget-container\">\n\t\t\t\t\t<div class=\"elementor-divider\">\n\t\t\t<span class=\"elementor-divider-separator\">\n\t\t\t\t\t\t<\/span>\n\t\t<\/div>\n\t\t\t\t<\/div>\n\t\t\t\t<\/div>\n\t\t\t\t\t<\/div>\n\t\t<\/div>\n\t\t\t\t\t\t\t<\/div>\n\t\t<\/section>\n\t\t\t\t<section class=\"elementor-section elementor-top-section elementor-element elementor-element-317e0e5 elementor-section-boxed elementor-section-height-default elementor-section-height-default\" data-id=\"317e0e5\" data-element_type=\"section\">\n\t\t\t\t\t\t<div class=\"elementor-container elementor-column-gap-default\">\n\t\t\t\t\t<div class=\"elementor-column elementor-col-100 elementor-top-column elementor-element elementor-element-35d0bdd\" data-id=\"35d0bdd\" data-element_type=\"column\">\n\t\t\t<div class=\"elementor-widget-wrap elementor-element-populated\">\n\t\t\t\t\t\t\t\t<div class=\"elementor-element elementor-element-5d8368a elementor-widget elementor-widget-text-editor\" data-id=\"5d8368a\" data-element_type=\"widget\" data-widget_type=\"text-editor.default\">\n\t\t\t\t<div class=\"elementor-widget-container\">\n\t\t\t\t\t\t\t<p>An dieser Stelle k\u00f6nnen sp\u00e4ter individuelle Inhalte eingef\u00fcgt werden!<\/p>\n<p>\u00a0<\/p>\t\t\t\t\t\t<\/div>\n\t\t\t\t<\/div>\n\t\t\t\t\t<\/div>\n\t\t<\/div>\n\t\t\t\t\t\t\t<\/div>\n\t\t<\/section>\n\t\t\t\t<section class=\"elementor-section elementor-top-section elementor-element elementor-element-25d06b8 elementor-section-boxed elementor-section-height-default elementor-section-height-default\" data-id=\"25d06b8\" data-element_type=\"section\">\n\t\t\t\t\t\t<div class=\"elementor-container elementor-column-gap-default\">\n\t\t\t\t\t<div class=\"elementor-column elementor-col-100 elementor-top-column elementor-element elementor-element-16cffa7\" data-id=\"16cffa7\" data-element_type=\"column\">\n\t\t\t<div class=\"elementor-widget-wrap elementor-element-populated\">\n\t\t\t\t\t\t\t\t<div class=\"elementor-element elementor-element-dda1aee elementor-widget-divider--view-line elementor-widget elementor-widget-divider\" data-id=\"dda1aee\" data-element_type=\"widget\" data-widget_type=\"divider.default\">\n\t\t\t\t<div class=\"elementor-widget-container\">\n\t\t\t\t\t<div class=\"elementor-divider\">\n\t\t\t<span class=\"elementor-divider-separator\">\n\t\t\t\t\t\t<\/span>\n\t\t<\/div>\n\t\t\t\t<\/div>\n\t\t\t\t<\/div>\n\t\t\t\t<div class=\"elementor-element elementor-element-872e1f8 elementor-widget elementor-widget-text-editor\" data-id=\"872e1f8\" data-element_type=\"widget\" data-widget_type=\"text-editor.default\">\n\t\t\t\t<div class=\"elementor-widget-container\">\n\t\t\t\t\t\t\t<p><span style=\"text-decoration: underline;\">Impressum<\/span><\/p>\n<p>Wohngruppe Wehleider Lichtpunkt e.V.<\/p>\n<p>Ludwig-Mond-Str. 47<br>34121 Kassel\n<\/p><p>Telefon: 0561\/26205<br>Telefax: 0561\/25615\n<\/p><p>Email: <a href=\"mailto:info@wg-wehleider-lichtpunkt.de\">info@wg-wehleider-lichtpunkt.de<\/a><\/p>\n<ol type=\"1\" start=\"1\">\n<li>Vorstand Claudia F\u00e4rber-Franke<\/li>\n<\/ol>\t\t\t\t\t\t<\/div>\n\t\t\t\t<\/div>\n\t\t\t\t\t<\/div>\n\t\t<\/div>\n\t\t\t\t\t\t\t<\/div>\n\t\t<\/section>\n\t\t\t\t\t\t<\/div>\n\t\t\t\t\t<\/div>\n\t\t","protected":false},"excerpt":{"rendered":"<p>An dieser Stelle k\u00f6nnen sp\u00e4ter individuelle Inhalte eingef\u00fcgt werden! An dieser Stelle k\u00f6nnen sp\u00e4ter individuelle Inhalte eingef\u00fcgt werden! Impressum Wohngruppe Wehleider Lichtpunkt e.V. Ludwig-Mond-Str. 47 34121 Kassel Telefon: 0561\/26205 Telefax: 0561\/25615 Email: info@wg-wehleider-lichtpunkt.de Vorstand Claudia F\u00e4rber-Franke<\/p>\n","protected":false},"author":1,"featured_media":0,"parent":0,"menu_order":0,"comment_status":"closed","ping_status":"open","template":"","meta":[],"_links":{"self":[{"href":"https:\/\/wg-wehlheider-lichtpunkt.de\/index.php\/wp-json\/wp\/v2\/pages\/2"}],"collection":[{"href":"https:\/\/wg-wehlheider-lichtpunkt.de\/index.php\/wp-json\/wp\/v2\/pages"}],"about":[{"href":"https:\/\/wg-wehlheider-lichtpunkt.de\/index.php\/wp-json\/wp\/v2\/types\/page"}],"author":[{"embeddable":true,"href":"https:\/\/wg-wehlheider-lichtpunkt.de\/index.php\/wp-json\/wp\/v2\/users\/1"}],"replies":[{"embeddable":true,"href":"https:\/\/wg-wehlheider-lichtpunkt.de\/index.php\/wp-json\/wp\/v2\/comments?post=2"}],"version-history":[{"count":17,"href":"https:\/\/wg-wehlheider-lichtpunkt.de\/index.php\/wp-json\/wp\/v2\/pages\/2\/revisions"}],"predecessor-version":[{"id":44,"href":"https:\/\/wg-wehlheider-lichtpunkt.de\/index.php\/wp-json\/wp\/v2\/pages\/2\/revisions\/44"}],"wp:attachment":[{"href":"https:\/\/wg-wehlheider-lichtpunkt.de\/index.php\/wp-json\/wp\/v2\/media?parent=2"}],"curies":[{"name":"wp","href":"https:\/\/api.w.org\/{rel}","templated":true}]}}